 2*c - 2. Suppose 5 = 3*r - 4*j, 3*j - 5 = -2*j. Is p(r) composite?
False
Let g(p) be the second derivative of 23*p**3/6 + 3*p. Let c be g(-2). Let w = c + 65. Is w a prime number?
True
Is (-7)/(-56) + (-2 - (-15223)/8) prime?
True
Let p(u) = 3*u**3 + u**2 + 6*u - 3. Let q be p(6). Let n = q - -276. Is n prime?
False
Let w be -6*4/12*-2. Let m(r) = 4*r**2 + r - w*r - 6*r**2 + 2 - 3*r**3 - 5. Is m(-2) a composite number?
False
Let c be (4 + 22/(-6))*18. Suppose -2*l - c*l + 7112 = 0. Is l composite?
True
Suppose -4*j = 2*w - 338, 0 = 2*w + 2*w + j - 669. Let l = w + 1063. Is (l/8)/(-5)*-4 composite?
True
Suppose -5*o + 40 = 1045. Is 2*o/(-12)*26 composite?
True
Suppose -25*p + 30041 + 23934 = 0. Is p a composite number?
True
Suppose -2*j + 149681 = 5*w - 8643, -5*w + 395795 = 5*j. Is j prime?
False
Let t(u) = -2904*u + 8. Let r be t(-6). Suppose -o = 2*p + 4179 - 689, -r = 5*o + p. Is ((-21)/(-63))/((-2)/o) composite?
True
Suppose -4*c = 3*y - 22, 0*c + 3*y + 41 = 5*c. Suppose 12*v - c*v = 0. Suppose -k + 203 = 4*q, -q = -4*k - v*q + 761. Is k a prime number?
True
Is (-1)/(-1 + 4530/4535) prime?
True
Is 192/(-672)*(-89747)/2 prime?
True
Let b = 134 - -13. Suppose -2*i + 352 + 306 = 4*y, 0 = -5*i - 2*y + 1645. Suppose -b - i = -4*q. Is q a prime number?
False
Let b be ((-9)/(-36))/((-2)/(-16)). Suppose b*p = 637 + 295. Is p a prime number?
False
Let c = -22 - -19. Let f(o) = -o - 5. Let r be f(c). Is (1/r)/((-2)/764) composite?
False
Is ((-200757)/(-15)*-1)/(40/(-200)) a composite number?
False
Suppose -28*n - 2*p = -27*n - 2865, -4*n - 3*p = -11450. Is n composite?
False
Let z(y) = y**2 + y + 13. Suppose -56 = -7*k + 3*k. Is z(k) a composite number?
False
Let p = 5935 - 2825. Let v = -1809 + p. Suppose 5*w = -h + 260 + 14, -5*h - 2*w = -v. Is h a prime number?
False
Let g = 22 - 12. Suppose -11*j + g = -9*j. Suppose -4*k + j*l = -88, -2*l + 44 = 2*k - 6*l. Is k composite?
True
Let o be 828/24 - 2/(-4). Suppose -z = -o - 98. Is z composite?
True
Let n(k) = -7*k + 6. Let j be n(4). Let y be ((-33)/j)/(1/(-2)). Is 158 - (y - 12/(-3)) prime?
True
Let j(t) = t. Let i(r) = r**2 - 18*r + 12. Let f(z) = -i(z) - 5*j(z). Let y be f(12). Suppose 5*c = 5*m - 4*m + 268, y = -5*c - 5*m + 250. Is c composite?
False
Suppose 4*j - 713 = -0*v - 3*v, -2*v + 4*j = -462. Suppose 0*s - 1020 = -4*s - 4*h, -s = -4*h - v. Is s a prime number?
True
Suppose -x - 24 = -4*b, 3*b - 6*b = x - 18. Let z be (-432)/(-15)*105/b. Let q = -286 + z. Is q a prime number?
False
Let z(q) be the third derivative of 479*q**4/8 + 13*q**3/6 + 11*q**2. Is z(2) a composite number?
False
Suppose a = -0*a + 2*w + 5, -4*a = -4*w - 40. Is 41037/a + 28/(-35) a prime number?
False
Suppose -6394 - 39511 = -5*a. Is a prime?
True
Let l be 4 - (-7)/(21/(-24)). Let b be ((-28)/(5 + l))/(-1). Is 15584/b - (-6)/14 composite?
False
Let d(w) = 202*w - 7. Let k be ((-75)/(-20))/(3/4). Is d(k) a prime number?
False
Suppose z + 2 = 0, -16*z + 19*z + 26349 = 3*d. Is d a composite number?
True
Let y = 113 - -3602. Is y a composite number?
True
Let h be 1/3 - 4/(-6). Let s(r) = 4*r - 1. Let m be s(h). Suppose 356 = l + m*l. Is l a composite number?
False
Let k(n) = 4*n + 11. Let g(t) = -7*t - 22. Let h(z) = -3*g(z) - 5*k(z). Let c be h(-4). Suppose 2*l = 5*r - 1055, -c*r + 1055 = -2*r + 5*l. Is r prime?
True
Let t(b) = -2*b**3 - 2*b**2 - b + 6263. Is t(0) a prime number?
True
Let t be 1/(-3) + (-1225)/(-21). Let h = 131 - t. Suppose 181 = 2*a - h. Is a a prime number?
True
Let k = 589 - -280. Is k a composite number?
True
Suppose -4*k - 2*f - 8207 = f, -3*k + f = 6165. Let x = k - -3811. Is x prime?
False
Suppose -l + 107197 = 2*l - 5*f, -71454 = -2*l - 2*f. Is l composite?
False
Suppose -8476 = -4*g - 704. Is g a composite number?
True
Suppose -62*y = -15*y - 81451. Is y composite?
False
Suppose 28840 + 40512 = 4*f - 4*v, -f + 3*v + 17336 = 0. Is f prime?
False
Suppose 3*s - 3*r = 39, r = -5*s + 74 - 27. Is (-3 + s*(-1)/(-3))*5523 prime?
False
Let i be 36/24 + 7/2. Suppose 8*s = 3*s - i. Is (s - -1) + (-132)/(-4) a prime number?
False
Let f(i) = 30*i**3 + 10*i**2 - 2*i - 9. Is f(4) a composite number?
False
Suppose 2*x = 17 - 7. Suppose 0 = 4*d + x*i - 8114 - 1180, 6969 = 3*d + 3*i. Is d a composite number?
True
Let s(c) = 752*c**3 - 11*c - 4. Is s(3) prime?
False
Suppose 0 = -n - 11 + 6. Let p(r) be the third derivative of -7*r**4/24 - r**3/3 - 7*r**2. Is p(n) a prime number?
False
Is (-18)/210*-5 - (-30220)/14 a composite number?
True
Suppose -2*u = 5*b - 3433, 14 = 3*b + 5. Is u composite?
False
Suppose 4*g - 2 = -10. Is 221*((-4)/g)/2 a prime number?
False
Suppose -151 = r - 4*g, -3*r + 0*g = -g + 398. Let w = -70 - r. Suppose 5*j = -4*o + w, 0*o + 5*j + 110 = 5*o. Is o composite?
False
Suppose 10*l - 12 = 4*l. Suppose -4*u + 2134 = -l*u. Is u a composite number?
True
Let r = -26 - -35. Is (10662/r)/((-4)/6)*-1 composite?
False
Is ((-1)/(-4)*2234)/((-23)/(-46)) prime?
True
Suppose 13195 = -18*f + 20*f - 3*a, 0 = 5*f - a - 33020. Is f prime?
False
Let v(b) = -5*b + 3. Let z be v(4). Let a(d) = -d**3 - 10*d**2 + 21*d + 19. Let o be a(z). Suppose -350 = -5*c + o. Is c a prime number?
False
Let h(c) = -193*c**3 - 2*c**2 + 4*c + 5. Let l(u) = -192*u**3 - 2*u**2 + 3*u + 4. Let b(d) = -4*h(d) + 5*l(d). Is b(-1) composite?
True
Let i be (8/6 + -1)*-33. Let h = -11 - i. Suppose h = -a - 4, q - 4*q = a - 1127. Is q a composite number?
True
Let p(l) = 32*l**2 + 9*l - 17. Is p(-8) a prime number?
False
Let h = -168 + 334. Suppose 0 = -5*p + 2095 + 1270. Suppose -c + p = -h. Is c prime?
True
Suppose -g - 4*b = 3*g - 2608, 0 = g - 4*b - 627. Let a = g - 310. Is a prime?
True
Let d be 55*(-2 - (-12)/15). Let i be (-4)/22 - (-120)/d. Is 6 + -2 + (-822)/i composite?
True
Suppose 0 = -m - 2 - 14. Is m/40 + (-637)/(-5) prime?
True
Suppose 2368 = u + 167. Is u composite?
True
Let o(i) = 15*i**2 - 3*i + 2. Let w be o(-5). Suppose 3*r = 382 + w. Suppose 3*t = 5*t - r. Is t a prime number?
False
Let x(n) = n**3 - 7*n**2 - 7*n - 4. Let a be x(8). Suppose 0 = -9*z + a*z + 1775. Is z a prime number?
False
Suppose -i - 685 = 4*h, h + i = 3*h + 347. Let q = -687 + h. Let p = q - -1206. Is p prime?
True
Suppose -25 = 5*o, 2*w - 18*o - 165292 = -20*o. Is w a prime number?
True
Let f(l) = -l - 7. Let c be f(-11). Suppose -i + 3*n = -10554, c*i + i = -n + 52754. Is i/27 - 4/(-18) a composite number?
True
Let l(q) = 220*q - 3. Let v be l(-1). Let y = -93 + v. Let g = 447 + y. Is g composite?
False
Let h(s) = s**3 - s**2 - 2. Suppose 2 = -4*d + 5*d. Let w be h(d). Suppose -t + w*t = 158. Is t a prime number?
False
Suppose -3*o - 14 - 4 = 0. Let n be (-68384)/o - (-6)/9. Is (-16)/72 + n/18 composite?
True
Let u be (645/(-12))/((-4)/16). Let f = 364 - u. Is f prime?
True
Suppose 0 = 3*i - 5*j - 124068, 9*j - 7*j = 3*i - 124059. Is i composite?
False
Let u = 2250 + -4930. Is (-1)/(1 - u/(-2676)) a prime number?
False
Let s be (-2)/8 + (-35)/(-28). Is ((-3451)/14)/(s/(-2)) a prime number?
False
Suppose -10*m + 3*u - 46388 = -11*m, 0 = -4*m - 5*u + 185545. Is m prime?
False
Suppose -5*c + 10 = 0, -4*c = 2*g + 2*g - 68. Suppose a = -b + 2*b + 5, -5*b - g = -3*a. Suppose -3*x + 9 = 0, -4*j = -a*j - 3*x + 106. Is j a prime number?
True
Is (51*191 - 1) + (-12)/(-4) composite?
False
Suppose 0 = 4*k - 33*k + 94859. Is k a prime number?
True
Is (7410 + -2 + 3)/(3 + -2) a composite number?
False
Suppose -14*d + 98032 = -11014. Is d prime?
True
Suppose 6*h + h = 70945. Is h a prime number?
False
Let f = -781 - -1602. Suppose -2*s - l - f = 0, -l = s + 3*s + 1641. Let j = s + 703. Is j composite?
False
Suppose 51*n = 76*n - 423475. Is n a prime number?
False
Let v = 14 - 18. Let w be v + 5 - (0 + 1). Suppose -4*j = -w*j - 104. Is j a prime number?
False
Suppose 626 = r - j - 590, -2*r + 2423 = -5*j. Let p = -9375 + 13863. Let n = p - r. Is n a composite number?
True
Let n(w) = -2*w**2 - 16*w - 26. Let g(j) = -3*j**2 - 33*j - 53. Let m(z) = 3*g(z) - 5*n(z). Is m(-20) a composite number?
False
Let h(f) = -2 - 2*f**3 + 7*f**2 - 6*f - 5 + 13. Let x be h(3). Is 3856/12 - (-1)/x composite?
True
Let p be (-18)/(-63) - (-5721)/(-7). Let j = p + 1655. Is j a prime number?
False
Let x = 120 - 116. Suppose -x*j + 2319 = -2165. Is j prime?
False
Let o = -1543 -